be d(1). What is the greatest common divisor of 21 and a?
21
Let v(r) = -r**2 + r - 2. Let f be v(-2). Let g be (-162)/f + (-2)/8. Let h be (0 - -10)*(4 + 1). What is the highest common factor of h and g?
10
Suppose 0 = 5*t - 2*t + 2*j + 14, 28 = -3*t + 5*j. Let q = -16 + t. Let r = q - -38. Calculate the greatest common divisor of 24 and r.
8
Let h be (1 + -2 + 7)*1. Suppose 0 = 5*j + 3*r - 8*r - 25, 4*j = -r + 10. Calculate the greatest common divisor of j and h.
3
Let h = 170 + -113. Let g be (-97)/(-4) - (-2)/(-8). Let o = g + h. Calculate the greatest common factor of 9 and o.
9
Suppose -3*w + 94 = -23. Let r = 32 + -6. Calculate the greatest common divisor of r and w.
13
Let j(k) = -2*k**2 - 7*k + 4. Let n be j(-7). Let p = -30 - n. Let a be ((-1)/(-2))/(26/12 + -2). Calculate the greatest common factor of p and a.
3
Let p = 152 + 46. What is the highest common divisor of p and 18?
18
Let c be (0 - 1) + 2 + 0. Let i be 21/35 + (-114)/(-10). Suppose -17*o = -i*o - 20. Calculate the greatest common factor of c and o.
1
Let b(y) = y. Suppose -24 = -3*z + 15. Let s be b(z). Let v = 174 - 44. Calculate the greatest common divisor of s and v.
13
Let q = 80 + 50. Calculate the highest common divisor of 13 and q.
13
Let z = 23 - 11. What is the highest common factor of 12 and z?
12
Suppose 0 = 3*q - 43 - 122. Calculate the greatest common factor of q and 5.
5
Let h(c) = c**2 + 6*c - 13. Let a be h(-9). Let d = 2 + 40. What is the greatest common factor of d and a?
14
Let k be 4/(-4) + 4/2. Suppose 4*z - 3*w = -w + 10, 2*z + 4 = 4*w. Let y = k + z. What is the highest common divisor of 25 and y?
5
Let d be (3/(-9))/((-1)/75). What is the greatest common divisor of 10 and d?
5
Suppose -c + 3*u = -2*c + 24, 0 = -2*c - u + 23. Calculate the highest common divisor of c and 99.
9
Let r = 183 - 169. Calculate the highest common factor of 7 and r.
7
Let y = 48 - 34. Suppose j - 7 = -q + 4*j, 4*j + y = 2*q. Let r = q - 4. What is the greatest common divisor of 12 and r?
3
Let l = 26 + 32. Let q = l + -31. What is the greatest common factor of 54 and q?
27
Suppose -6 = -3*v + 4*n, -4*n = -v - 2*n. What is the greatest common divisor of v and 18?
6
Let a(r) = r**3 + 4*r**2 - 3*r - 6. Let p(l) = -3*l**2 + l. Let f be p(-1). Let m be a(f). What is the greatest common factor of 3 and m?
3
Suppose 503 = 4*o - u, -u = -14*o + 15*o - 127. What is the highest common factor of o and 14?
14
Let r be ((-3)/((-9)/(-30)))/(-2). Suppose 2*m + 90 = r*m. What is the highest common divisor of 12 and m?
6
Let s(n) = -n**3 + 6*n**2 - 4*n + 5. Let m be s(5). Let h = m - 5. What is the highest common divisor of h and 15?
5
Let w be 116 - 2/((-4)/(-6)). Suppose 3*v + 41 = w. Calculate the highest common divisor of 12 and v.
12
Suppose 4*z + 2 = -10. Let x(l) = l**3 + 4*l**2 - l - 4. Let v be x(z). Let w = -3 + 4. Calculate the greatest common divisor of w and v.
1
Suppose -3*k + k = -48. Calculate the highest common divisor of 8 and k.
8
Let p = 5 - 5. Suppose p*u = -3*u, -2*o - u + 28 = 0. Calculate the highest common divisor of o and 154.
14
Suppose -2*i - 3*t = -131, 2*i + 4*t = 69 + 59. Calculate the greatest common divisor of 28 and i.
14
Let k = -641 - -1171. Let p be k/45 - 2/(-9). What is the greatest common factor of p and 30?
6
Suppose -9*q = -8*q - 33. Calculate the highest common divisor of 363 and q.
33
Let s = 75 - 54. Let w be 2/(-3) - 68/6. Let n = w + s. What is the highest common divisor of 45 and n?
9
Let o(y) = -y - 2. Let g be o(-15). Calculate the greatest common divisor of 13 and g.
13
Let v(o) = 6*o**2 - o + 2. Let m be v(2). Let b = 265 - 259. Calculate the greatest common divisor of b and m.
6
Let k = -73 + 75. Calculate the highest common factor of 20 and k.
2
Let s be (-12)/(-4) - -10 - -4. Calculate the greatest common factor of 136 and s.
17
Suppose -2*v - 4*d - 32 = -112, -d = v - 38. Calculate the greatest common factor of v and 4.
4
Suppose 2*q + q = 0. Suppose q = 3*j - y - 12 - 7, 27 = 5*j + 3*y. What is the greatest common factor of j and 24?
6
Suppose 3*x - 5*a = -3, x - 3*a + 1 = -8*a. Let y be 32/(4/(-28)*x). Calculate the highest common factor of y and 28.
28
Let k = 7 + -3. Let l be (2/(-3))/((-8)/12). What is the greatest common divisor of k and l?
1
Let w = -129 - -205. What is the greatest common divisor of w and 19?
19
Suppose 0 = 8*k - 6*k - 48. Calculate the greatest common factor of 3 and k.
3
Suppose 340 = 13*r - 9*r. Calculate the highest common divisor of 34 and r.
17
Suppose 2*g + 105 = 5*g. Suppose l - g = -n, -n - l + 2*l = -29. Calculate the greatest common factor of 48 and n.
16
Let l be 78/5 + 8/20. Let a be (174 - (1 + -2)) + 1. What is the highest common divisor of a and l?
16
Let k = 7 + 3. Let s = -13 + 18. Suppose c = 4*t + 5*c - 432, -5*t + 560 = -s*c. Calculate the greatest common divisor of k and t.
10
Suppose 0*c - 72 = -9*c. Calculate the highest common divisor of 88 and c.
8
Let c = 706 + -463. What is the highest common divisor of 27 and c?
27
Let m(o) = -13*o - 16. Let y be m(-19). What is the highest common divisor of 33 and y?
33
Suppose -3*l + 7 = 1. Suppose -3*n = l*n - 625. Let z = n + -44. What is the greatest common factor of z and 9?
9
Suppose -6*k = -k - 45. Calculate the highest common factor of k and 1.
1
Let u(b) be the third derivative of -b**5/12 - b**4/12 + b**2. Let q be u(2). Let s = -3 - q. Calculate the greatest common divisor of s and 7.
7
Let z be 71/(-3) - 4/(-6). Let x = 47 + z. Calculate the highest common factor of x and 24.
24
Let h(g) = -8*g + 52. Let m be h(5). What is the highest common factor of m and 6?
6
Let m = -7 - -12. Suppose 0 = -n - 1, -2*w + 15 = m*n - 18. What is the highest common factor of 209 and w?
19
Suppose 0*j + 13 = -i - 4*j, -j - 13 = -3*i. Suppose 5 = i*u + p - 2, 2*u + 5*p - 9 = 0. What is the greatest common factor of u and 18?
2
Suppose -7 - 25 = 4*z. Let y = -2 - z. What is the greatest common divisor of 4 and y?
2
Let a = 7 + 12. Suppose 3 = -0*z + z. Let c be z/(-1*3) + 20. Calculate the greatest common factor of c and a.
19
Suppose b + 3*b = 0. Suppose -7*p + 3*p + 252 = b. What is the greatest common factor of 7 and p?
7
Let z(p) = -28*p. Let b be z(-1). What is the highest common divisor of b and 14?
14
Let q be (1 - 510/(-3))*1. Let c(s) = -7*s - 2. Let u be c(-3). What is the highest common divisor of u and q?
19
Let y = 14 + -10. Suppose y*l = -x + 18, -3*x - 2*l + 18 = l. Suppose -x*b + 30 = 3*b. What is the greatest common factor of b and 48?
6
Let s(t) = -t**3 - 6*t**2 + 6*t + 5. Let x = 1 + 13. Suppose -f - f - x = 0. Let a be s(f). Calculate the greatest common divisor of 132 and a.
12
Suppose 2*s - 4 = -46. Let h = -12 - s. Let t be (2 - 2 - -70) + 2. Calculate the highest common divisor of h and t.
9
Suppose 2*h + 5 = 5*v, 0*v - 4 = 5*h - 4*v. Suppose h*t - 126 = -2*t. Calculate the highest common factor of 9 and t.
9
Let m be -4*(2/(-2) + 0). Let u = 78 - 14. Suppose -3*x + x + u = 0. What is the highest common divisor of m and x?
4
Suppose -3*p + 352 = 118. Calculate the highest common divisor of p and 12.
6
Suppose 6*l = 2*l + 380. Let c(s) be the second derivative of s**4/2 + s**3/3 - s**2/2 - 2*s. Let y be c(-2). Calculate the highest common divisor of y and l.
19
Let j be -16*(0*(-4)/(-8) - 4). What is the highest common divisor of j and 8?
8
Let z = -15 - -99. Let t(m) = -3*m**3 + m. Let s be t(1). Let a be 0 - (2 - (s - -16)). Calculate the greatest common factor of z and a.
12
Suppose z - 252 = 88. Suppose 0*m - z = -m. Suppose 3*c + m = 7*c. Calculate the highest common divisor of c and 34.
17
Let j = -14 + 8. Let p be (-28)/j*(-42)/(-4). Suppose c = 6 + 1. Calculate the greatest common factor of p and c.
7
Suppose -3*y = -8*y - 2*j + 338, 2*y - 144 = -3*j. What is the highest common divisor of y and 6?
6
Let w = -58 + 63. Calculate the greatest common factor of 1 and w.
1
Let o = 11 + -1. Calculate the greatest common factor of o and 110.
10
Let z be 0 - -2 - (6 + -10). Suppose -99 + 24 = -5*a + 4*q, -z = -a - q. Let x = 170 + -60. What is the highest common divisor of a and x?
11
Suppose -2*v - 37 = -5*m + 1283, -3*m + 2*v + 792 = 0. What is the highest common divisor of m and 33?
33
Let b be (1 + -2)*(-3 - -5). Let o be (2